.
94
Calculate the remainder when 343 is divided by 103.
34
What is the remainder when 1096 is divided by 88?
40
Calculate the remainder when 202 is divided by 66.
4
Calculate the remainder when 207 is divided by 54.
45
What is the remainder when 363 is divided by 46?
41
Calculate the remainder when 9840 is divided by 19.
17
What is the remainder when 277 is divided by 46?
1
What is the remainder when 74 is divided by 68?
6
Calculate the remainder when 346 is divided by 12.
10
Calculate the remainder when 1199 is divided by 30.
29
Calculate the remainder when 1251 is divided by 69.
9
Calculate the remainder when 3478 is divided by 83.
75
Calculate the remainder when 165 is divided by 44.
33
Calculate the remainder when 472 is divided by 34.
30
Calculate the remainder when 522 is divided by 21.
18
Calculate the remainder when 201 is divided by 52.
45
Calculate the remainder when 66 is divided by 49.
17
Calculate the remainder when 9510 is divided by 167.
158
Calculate the remainder when 16489 is divided by 7.
4
Calculate the remainder when 1169 is divided by 205.
144
What is the remainder when 124 is divided by 63?
61
What is the remainder when 292 is divided by 47?
10
Calculate the remainder when 298 is divided by 21.
4
Calculate the remainder when 60 is divided by 37.
23
Calculate the remainder when 97 is divided by 37.
23
What is the remainder when 235 is divided by 14?
11
What is the remainder when 5647 is divided by 57?
4
Calculate the remainder when 274 is divided by 95.
84
What is the remainder when 246 is divided by 7?
1
What is the remainder when 247 is divided by 22?
5
Calculate the remainder when 782 is divided by 202.
176
What is the remainder when 137 is divided by 46?
45
What is the remainder when 51 is divided by 7?
2
Calculate the remainder when 10 is divided by 8.
2
What is the remainder when 42062 is divided by 235?
232
What is the remainder when 1328 is divided by 193?
170
What is the remainder when 13174 is divided by 85?
84
Calculate the remainder when 115 is divided by 29.
28
Calculate the remainder when 216 is divided by 56.
48
Calculate the remainder when 1500 is divided by 19.
18
What is the remainder when 3395 is divided by 21?
14
Calculate the remainder when 178 is divided by 16.
2
Calculate the remainder when 1154 is divided by 145.
139
What is the remainder when 622 is divided by 203?
13
Calculate the remainder when 284 is divided by 57.
56
What is the remainder when 4540 is divided by 2266?
8
What is the remainder when 1988 is divided by 485?
48
What is the remainder when 1702 is divided by 28?
22
What is the remainder when 56 is divided by 41?
15
Calculate the remainder when 132 is divided by 68.
64
What is the remainder when 424 is divided by 48?
40
What is the remainder when 1176 is divided by 153?
105
Calculate the remainder when 8644 is divided by 247.
246
Calculate the remainder when 593 is divided by 35.
33
What is the remainder when 1755 is divided by 80?
75
What is the remainder when 20948 is divided by 36?
32
What is the remainder when 115 is divided by 110?
5
What is the remainder when 186 is divided by 46?
2
Calculate the remainder when 1520 is divided by 9.
8
Calculate the remainder when 173 is divided by 25.
23
Calculate the remainder when 3679 is divided by 1197.
88
What is the remainder when 124 is divided by 33?
25
What is the remainder when 7406 is divided by 9?
8
What is the remainder when 501 is divided by 30?
21
Calculate the remainder when 180 is divided by 26.
24
Calculate the remainder when 5639 is divided by 31.
28
Calculate the remainder when 234 is divided by 47.
46
What is the remainder when 154 is divided by 40?
34
What is the remainder when 623 is divided by 585?
38
What is the remainder when 834 is divided by 12?
6
What is the remainder when 503 is divided by 158?
29
Calculate the remainder when 1002 is divided by 48.
42
Calculate the remainder when 20684 is divided by 105.
104
What is the remainder when 29996 is divided by 99?
98
What is the remainder when 126 is divided by 3?
0
What is the remainder when 841 is divided by 246?
103
Calculate the remainder when 12 is divided by 5.
2
Calculate the remainder when 305 is divided by 80.
65
What is the remainder when 363 is divided by 28?
27
What is the remainder when 618 is divided by 19?
10
What is the remainder when 329 is divided by 324?
5
What is the remainder when 136 is divided by 18?
10
What is the remainder when 918 is divided by 91?
8
Calculate the remainder when 14028 is divided by 115.
113
What is the remainder when 3472 is divided by 79?
75
What is the remainder when 56091 is divided by 37?
36
What is the remainder when 292 is divided by 23?
16
What is the remainder when 532 is divided by 21?
7
Calculate the remainder when 168 is divided by 17.
15
What is the remainder when 1469 is divided by 30?
29
Calculate the remainder when 2141 is divided by 22.
7
Calculate the remainder when 2595 is divided by 45.
30
What is the remainder when 210 is divided by 47?
22
What is the remainder when 2986 is divided by 26?
22
What is the remainder when 88645 is divided by 13?
11
What is the remainder when 1949 is divided by 10?
9
Calculate the remainder when 111 is divided by 40.
31
What is the remainder when 3375 is divided by 89?
82
What is the remainder when 77 is divided by 28?
21
What is the remainder when 3844 is divided by 960?
4
What is the remainder when 2758 is divided by 163?
150
What is the remainder when 59 is divided by 16?
11
Calculate the remainder when 2009 is divided by 3.
2
What is the remainder when 57 is divided by 37?
20
What is the remainder when 207 is divided by 64?
15
Calculate the remainder when 3868 is divided by 276.
4
What is the remainder when 151 is divided by 100?
51
Calculate the remainder when 10751 is divided by 326.
319
What is the remainder when 1393 is divided by 101?
80
Calculate the remainder when 130 is divided by 29.
14
Calculate the remainder when 226 is divided by 90.
46
Calculate the remainder when 5196 is divided by 226.
224
Calculate the remainder when 326 is divided by 91.
53
Calculate the remainder when 809 is divided by 15.
14
What is the remainder when 388 is divided by 21?
10
Calculate the remainder when 10591 is divided by 32.
31
Calculate the remainder when 367 is divided by 146.
75
Calculate the remainder when 16 is divided by 2.
0
Calculate the remainder when 71 is divided by 22.
5
Calculate the remainder when 54 is divided by 8.
6
What is the remainder when 729 is divided by 297?
135
Calculate the remainder when 126 is divided by 37.
15
Calculate the remainder when 59 is divided by 9.
5
What is the remainder when 657 is divided by 19?
11
Calculate the remainder when 984 is divided by 34.
32
What is the remainder when 1420 is divided by 237?
235
Calculate the remainder when 818 is divided by 91.
90
Calculate the remainder when 412 is divided by 8.
4
What is the remainder when 382 is divided by 29?
5
Calculate the remainder when 149 is divided by 22.
17
What is the remainder when 415 is divided by 122?
49
Calculate the remainder when 1151 is divided by 12.
11
Calculate the remainder when 949 is divided by 73.
0
What is the remainder when 707 is divided by 220?
47
Calculate the remainder when 1207 is divided by 187.
85
What is the remainder when 328 is divided by 46?
6
What is the remainder when 763 is divided by 18?
7
Calculate the remainder when 155 is divided by 75.
5
What is the remainder when 219 is divided by 3?
0
Calculate the remainder when 236 is divided by 88.
60
What is the remainder when 2719 is divided by 25?
19
What is the remainder when 78 is divided by 31?
16
What is the remainder when 3215 is divided by 154?
135
Calculate the remainder when 454 is divided by 163.
128
What is the remainder when 827 is divided by 121?
101
What is the remainder when 1771 is divided by 1769?
2
What is the remainder when 358 is divided by 12?
10
What is the remainder when 803 is divided by 31?
28
What is the remainder when 90 is divided by 46?
44
What is the remainder when 161 is divided by 9?
8
What is the remainder when 134 is divided by 4?
2
Calculate the remainder when 4189 is divided by 5.
4
Calculate the remainder when 863 is divided by 9.
8
What is the remainder when 1436 is divided